{"id":784,"date":"2023-08-30T10:29:05","date_gmt":"2023-08-30T08:29:05","guid":{"rendered":"https:\/\/tic.visitpasvalys.lt\/?post_type=renginiai&#038;p=784"},"modified":"2023-08-30T10:29:05","modified_gmt":"2023-08-30T08:29:05","slug":"europos-paveldo-dienos-pasvalyje","status":"publish","type":"renginiai","link":"https:\/\/tic.visitpasvalys.lt\/en\/renginiai\/europos-paveldo-dienos-pasvalyje\/","title":{"rendered":"Europos paveldo dienos Pasvalyje"},"content":{"rendered":"\n<p>Rugs\u0117jo 9 d., \u0161e\u0161tadien\u012f, 11 val. Pasvalio kra\u0161to muziejus kvie\u010dia \u012f Europos paveldo dien\u0173 rengin\u012f \u201eRaudon\u0173 plyt\u0173 kelias Pasvalio kra\u0161te\u201c.<\/p>\n\n\n\n<p>Programoje:<\/p>\n\n\n\n<p>* Architekto, restauratoriaus Petro Kanevi\u010diaus paskaita apie sen\u0105j\u0105 plyt\u0173 m\u016bro architekt\u016br\u0105.<\/p>\n\n\n\n<p>* Po paskaitos \u2013 ekskursija autobusu po Pasvalio kra\u0161t\u0105. Lankysime senosios plyt\u0173 m\u016bro architekt\u016bros objektus, klausysim\u0117s \u012fdomi\u0173 istorij\u0173. Kelion\u0117s vadovas P. Kanevi\u010dius.<\/p>\n\n\n\n<p>* Unikali proga apsilankyti Kra\u0161t\u0173 kaimo bendruomen\u0117s muziejuje, susipa\u017einti su garsiosios plytin\u0117s istorija.<\/p>\n","protected":false},"excerpt":{"rendered":"<p>Rugs\u0117jo 9 d., \u0161e\u0161tadien\u012f, 11 val. Pasvalio kra\u0161to muziejus kvie\u010dia \u012f Europos paveldo dien\u0173 rengin\u012f \u201eRaudon\u0173 plyt\u0173 kelias Pasvalio kra\u0161te\u201c. Programoje: * Architekto, restauratoriaus Petro Kanevi\u010diaus paskaita apie sen\u0105j\u0105 plyt\u0173 m\u016bro architekt\u016br\u0105. * Po paskaitos \u2013 ekskursija autobusu po Pasvalio kra\u0161t\u0105. Lankysime senosios plyt\u0173 m\u016bro architekt\u016bros objektus, klausysim\u0117s \u012fdomi\u0173 istorij\u0173. Kelion\u0117s vadovas P. Kanevi\u010dius. * Unikali proga apsilankyti Kra\u0161t\u0173 kaimo bendruomen\u0117s muziejuje, susipa\u017einti su garsiosios plytin\u0117s istorija.<\/p>\n","protected":false},"featured_media":781,"template":"","meta":[],"renginiai-kategorija":[],"translation":{"provider":"WPGlobus","version":"2.10.7","language":"en","enabled_languages":["lt","en"],"languages":{"lt":{"title":true,"content":true,"excerpt":false},"en":{"title":false,"content":false,"excerpt":false}}},"_links":{"self":[{"href":"https:\/\/tic.visitpasvalys.lt\/en\/wp-json\/wp\/v2\/renginiai\/784"}],"collection":[{"href":"https:\/\/tic.visitpasvalys.lt\/en\/wp-json\/wp\/v2\/renginiai"}],"about":[{"href":"https:\/\/tic.visitpasvalys.lt\/en\/wp-json\/wp\/v2\/types\/renginiai"}],"version-history":[{"count":1,"href":"https:\/\/tic.visitpasvalys.lt\/en\/wp-json\/wp\/v2\/renginiai\/784\/revisions"}],"predecessor-version":[{"id":785,"href":"https:\/\/tic.visitpasvalys.lt\/en\/wp-json\/wp\/v2\/renginiai\/784\/revisions\/785"}],"wp:featuredmedia":[{"embeddable":true,"href":"https:\/\/tic.visitpasvalys.lt\/en\/wp-json\/wp\/v2\/media\/781"}],"wp:attachment":[{"href":"https:\/\/tic.visitpasvalys.lt\/en\/wp-json\/wp\/v2\/media?parent=784"}],"wp:term":[{"taxonomy":"renginiai-kategorija","embeddable":true,"href":"https:\/\/tic.visitpasvalys.lt\/en\/wp-json\/wp\/v2\/renginiai-kategorija?post=784"}],"curies":[{"name":"wp","href":"https:\/\/api.w.org\/{rel}","templated":true}]}}

<p>Rugsėjo 9 d., šeštadienį, 11 val. Pasvalio krašto muziejus kviečia į Europos paveldo dienų renginį „Raudonų plytų kelias Pasvalio krašte“.</p>



<p>Programoje:</p>



<p>* Architekto, restauratoriaus Petro Kanevičiaus paskaita apie senąją plytų mūro architektūrą.</p>



<p>* Po paskaitos – ekskursija autobusu po Pasvalio kraštą. Lankysime senosios plytų mūro architektūros objektus, klausysimės įdomių istorijų. Kelionės vadovas P. Kanevičius.</p>



<p>* Unikali proga apsilankyti Kraštų kaimo bendruomenės muziejuje, susipažinti su garsiosios plytinės istorija.</p>

<p>Rugsėjo 9 d., šeštadienį, 11 val. Pasvalio krašto muziejus kviečia į Europos paveldo dienų renginį „Raudonų plytų kelias Pasvalio krašte“. Programoje: * Architekto, restauratoriaus Petro Kanevičiaus paskaita apie senąją plytų mūro architektūrą. * Po paskaitos – ekskursija autobusu po Pasvalio kraštą. Lankysime senosios plytų mūro architektūros objektus, klausysimės įdomių istorijų. Kelionės vadovas P. Kanevičius. * Unikali proga apsilankyti Kraštų kaimo bendruomenės muziejuje, susipažinti su garsiosios plytinės istorija.</p>
