{"id":1631,"date":"2024-11-21T23:14:17","date_gmt":"2024-11-21T21:14:17","guid":{"rendered":"https:\/\/tic.visitpasvalys.lt\/?post_type=naujienos&#038;p=1631"},"modified":"2024-11-21T23:15:33","modified_gmt":"2024-11-21T21:15:33","slug":"kaledines-muges-parodos-metai-atidarymas","status":"publish","type":"naujienos","link":"https:\/\/tic.visitpasvalys.lt\/en\/naujienos\/kaledines-muges-parodos-metai-atidarymas\/","title":{"rendered":"Kal\u0117din\u0117s mug\u0117s \u201eMetai\u201c atidarymas"},"content":{"rendered":"\n<p>Gruod\u017eio m\u0117nes\u012f Pasvalio kra\u0161to muziejuje vyksta Kal\u0117din\u0117 mug\u0117-paroda \u201eMetai\u201c, skirta Pasvalio miesto gimtadieniui. Tai vienintel\u0117 paroda per metus, kurioje gali dalyvauti visi kuriantys Pasvalio kra\u0161to \u017emon\u0117s. \u010cia kiekvienas suras sau, artimui, draugams skirt\u0105 miel\u0105 dovan\u0117l\u0119&nbsp;<img decoding=\"async\" loading=\"lazy\" height=\"16\" width=\"16\" src=\"https:\/\/static.xx.fbcdn.net\/images\/emoji.php\/v9\/t7f\/1\/16\/1f60a.png\" alt=\"\ud83d\ude0a\"><\/p>\n\n\n\n<p>Maloniai lauksime!<\/p>\n\n\n\n<figure class=\"wp-block-image size-full\"><img decoding=\"async\" loading=\"lazy\" width=\"1414\" height=\"2000\" src=\"https:\/\/tic.visitpasvalys.lt\/wp-content\/uploads\/2024\/11\/467710101_1060666222523449_8043563533233239689_n.jpg\" alt=\"\" class=\"wp-image-1603\" srcset=\"https:\/\/tic.visitpasvalys.lt\/wp-content\/uploads\/2024\/11\/467710101_1060666222523449_8043563533233239689_n.jpg 1414w, https:\/\/tic.visitpasvalys.lt\/wp-content\/uploads\/2024\/11\/467710101_1060666222523449_8043563533233239689_n-724x1024.jpg 724w, https:\/\/tic.visitpasvalys.lt\/wp-content\/uploads\/2024\/11\/467710101_1060666222523449_8043563533233239689_n-768x1086.jpg 768w, https:\/\/tic.visitpasvalys.lt\/wp-content\/uploads\/2024\/11\/467710101_1060666222523449_8043563533233239689_n-1086x1536.jpg 1086w\" sizes=\"(max-width: 1414px) 100vw, 1414px\" \/><\/figure>\n","protected":false},"excerpt":{"rendered":"<p>Gruod\u017eio m\u0117nes\u012f Pasvalio kra\u0161to muziejuje vyksta Kal\u0117din\u0117 mug\u0117-paroda \u201eMetai\u201c, skirta Pasvalio miesto gimtadieniui. Tai vienintel\u0117 paroda per metus, kurioje gali dalyvauti visi kuriantys Pasvalio kra\u0161to \u017emon\u0117s. \u010cia kiekvienas suras sau, artimui, draugams skirt\u0105 miel\u0105 dovan\u0117l\u0119&nbsp; Maloniai lauksime!<\/p>\n","protected":false},"featured_media":1632,"template":"","meta":[],"naujienos-kategorija":[],"translation":{"provider":"WPGlobus","version":"2.10.7","language":"en","enabled_languages":["lt","en"],"languages":{"lt":{"title":true,"content":true,"excerpt":false},"en":{"title":false,"content":false,"excerpt":false}}},"_links":{"self":[{"href":"https:\/\/tic.visitpasvalys.lt\/en\/wp-json\/wp\/v2\/naujienos\/1631"}],"collection":[{"href":"https:\/\/tic.visitpasvalys.lt\/en\/wp-json\/wp\/v2\/naujienos"}],"about":[{"href":"https:\/\/tic.visitpasvalys.lt\/en\/wp-json\/wp\/v2\/types\/naujienos"}],"version-history":[{"count":3,"href":"https:\/\/tic.visitpasvalys.lt\/en\/wp-json\/wp\/v2\/naujienos\/1631\/revisions"}],"predecessor-version":[{"id":1635,"href":"https:\/\/tic.visitpasvalys.lt\/en\/wp-json\/wp\/v2\/naujienos\/1631\/revisions\/1635"}],"wp:featuredmedia":[{"embeddable":true,"href":"https:\/\/tic.visitpasvalys.lt\/en\/wp-json\/wp\/v2\/media\/1632"}],"wp:attachment":[{"href":"https:\/\/tic.visitpasvalys.lt\/en\/wp-json\/wp\/v2\/media?parent=1631"}],"wp:term":[{"taxonomy":"naujienos-kategorija","embeddable":true,"href":"https:\/\/tic.visitpasvalys.lt\/en\/wp-json\/wp\/v2\/naujienos-kategorija?post=1631"}],"curies":[{"name":"wp","href":"https:\/\/api.w.org\/{rel}","templated":true}]}}

Kalėdinės mugės „Metai“ atidarymas

<p>Gruodžio mėnesį Pasvalio krašto muziejuje vyksta Kalėdinė mugė-paroda „Metai“, skirta Pasvalio miesto gimtadieniui. Tai vienintelė paroda per metus, kurioje gali dalyvauti visi kuriantys Pasvalio krašto žmonės. Čia kiekvienas suras sau, artimui, draugams skirtą mielą dovanėlę&nbsp;<img decoding="async" loading="lazy" height="16" width="16" src="https://static.xx.fbcdn.net/images/emoji.php/v9/t7f/1/16/1f60a.png" alt="😊"></p>



<p>Maloniai lauksime!</p>



<figure class="wp-block-image size-full"><img decoding="async" loading="lazy" width="1414" height="2000" src="https://tic.visitpasvalys.lt/wp-content/uploads/2024/11/467710101_1060666222523449_8043563533233239689_n.jpg" alt="" class="wp-image-1603" srcset="https://tic.visitpasvalys.lt/wp-content/uploads/2024/11/467710101_1060666222523449_8043563533233239689_n.jpg 1414w, https://tic.visitpasvalys.lt/wp-content/uploads/2024/11/467710101_1060666222523449_8043563533233239689_n-724x1024.jpg 724w, https://tic.visitpasvalys.lt/wp-content/uploads/2024/11/467710101_1060666222523449_8043563533233239689_n-768x1086.jpg 768w, https://tic.visitpasvalys.lt/wp-content/uploads/2024/11/467710101_1060666222523449_8043563533233239689_n-1086x1536.jpg 1086w" sizes="(max-width: 1414px) 100vw, 1414px" /></figure>

<p>Gruodžio mėnesį Pasvalio krašto muziejuje vyksta Kalėdinė mugė-paroda „Metai“, skirta Pasvalio miesto gimtadieniui. Tai vienintelė paroda per metus, kurioje gali dalyvauti visi kuriantys Pasvalio krašto žmonės. Čia kiekvienas suras sau, artimui, draugams skirtą mielą dovanėlę&nbsp; Maloniai lauksime!</p>
